86129493?
3, 1093, 26267
List the prime factors of 211899465.
3, 5, 4708877
What are the prime factors of 17251771?
23, 750077
List the prime factors of 3638012432.
2, 53, 4290109
List the prime factors of 242666034.
2, 3, 13, 101, 30803
What are the prime factors of 119736394?
2, 59868197
What are the prime factors of 136551645?
3, 5, 37, 82013
What are the prime factors of 447948554?
2, 173, 1294649
List the prime factors of 3271470627.
3, 11743, 92863
List the prime factors of 44514397.
19, 41, 57143
List the prime factors of 1606243302.
2, 3, 89235739
List the prime factors of 1028875386.
2, 3, 7, 11, 2227003
List the prime factors of 15032038.
2, 7, 1073717
What are the prime factors of 159693883?
159693883
List the prime factors of 447123740.
2, 5, 7, 29, 110129
List the prime factors of 1785328.
2, 241, 463
What are the prime factors of 3586803955?
5, 7, 29, 139, 25423
What are the prime factors of 10019196?
2, 3, 11, 25301
What are the prime factors of 1478451831?
3, 127, 3880451
What are the prime factors of 435415202?
2, 217707601
List the prime factors of 32079818.
2, 16039909
List the prime factors of 2158727439.
3, 11, 17, 31, 101, 1229
What are the prime factors of 478286695?
5, 95657339
List the prime factors of 40144343.
587, 68389
What are the prime factors of 689994708?
2, 3, 13, 17, 260179
What are the prime factors of 56082725?
5, 2243309
What are the prime factors of 2386490131?
2386490131
List the prime factors of 102002248.
2, 61, 209021
List the prime factors of 64143734.
2, 19, 23, 79, 929
List the prime factors of 1700685473.
8839, 192407
List the prime factors of 21228688.
2, 13, 102061
What are the prime factors of 2912346675?
3, 5, 7, 1849109
What are the prime factors of 602803295?
5, 59, 2043401
List the prime factors of 2047171489.
11, 1871, 99469
What are the prime factors of 65876566?
2, 7, 463, 10163
What are the prime factors of 2522649791?
45281, 55711
What are the prime factors of 326378839?
73, 4470943
What are the prime factors of 7443275?
5, 7, 42533
What are the prime factors of 1481071321?
1481071321
List the prime factors of 3410109.
3, 378901
What are the prime factors of 111559800?
2, 3, 5, 11, 16903
What are the prime factors of 80683933?
11, 7334903
List the prime factors of 1494886894.
2, 59, 12668533
What are the prime factors of 21106374?
2, 3, 29, 101, 1201
What are the prime factors of 110122185?
3, 5, 347, 21157
List the prime factors of 8595745.
5, 29, 59281
List the prime factors of 781504162.
2, 19, 20565899
What are the prime factors of 4174864359?
3, 857, 1623829
List the prime factors of 571669563.
3, 43, 857, 5171
List the prime factors of 129885652.
2, 13, 2497801
What are the prime factors of 31043334?
2, 3, 7, 43, 17189
What are the prime factors of 650667647?
7, 92952521
What are the prime factors of 10654083?
3, 11, 23, 4679
List the prime factors of 44013094.
2, 853, 25799
List the prime factors of 40214497.
40214497
List the prime factors of 61934684.
2, 7, 2211953
What are the prime factors of 37557472?
2, 641, 1831
What are the prime factors of 172646850?
2, 3, 5, 181, 6359
What are the prime factors of 2490222192?
2, 3, 43, 71, 16993
What are the prime factors of 13881776?
2, 43, 20177
What are the prime factors of 164192881?
331, 496051
What are the prime factors of 284934799?
284934799
What are the prime factors of 4533147033?
3, 1511049011
List the prime factors of 1179011273.
11, 107182843
List the prime factors of 10713915.
3, 5, 41, 5807
What are the prime factors of 169959633?
3, 29, 1953559
What are the prime factors of 1321965716?
2, 8087, 40867
What are the prime factors of 58313951?
58313951
List the prime factors of 90689686.
2, 45344843
What are the prime factors of 330205538?
2, 13, 37, 9277
List the prime factors of 2569537556.
2, 17, 59, 640463
List the prime factors of 291831983.
6871, 42473
List the prime factors of 174363277.
11, 37, 428411
List the prime factors of 89228097.
3, 7, 53, 26723
What are the prime factors of 563461953?
3, 379, 495569
What are the prime factors of 754543255?
5, 31, 137, 35533
What are the prime factors of 25686039?
3, 1303, 6571
List the prime factors of 60734059.
167, 363677
What are the prime factors of 53691027?
3, 13, 1376693
List the prime factors of 509914373.
2371, 215063
List the prime factors of 117732155.
5, 23546431
What are the prime factors of 787521243?
3, 17, 241, 3769
List the prime factors of 706381275.
3, 5, 29, 324773
List the prime factors of 177438374.
2, 88719187
List the prime factors of 183795487.
1181, 155627
What are the prime factors of 10796792?
2, 419, 3221
What are the prime factors of 600150376?
2, 7, 53, 229, 883
List the prime factors of 14369472.
2, 3, 13, 19, 101
What are the prime factors of 1241628756?
2, 3, 103469063
What are the prime factors of 3709064630?
2, 5, 37, 10024499
What are the prime factors of 59474655?
3, 5, 19, 59, 131
What are the prime factors of 4502707822?
2, 17, 37, 41, 87299
List the prime factors of 1586397914.
2, 1259, 630023
List the prime factors of 58310100.
2, 3, 5, 67, 967
What are the prime factors of 3687345340?
2, 5, 7, 73, 421, 857
List the prime factors of 48661603.
19, 2561137
List the prime factors of 549228956.
2, 137307239
List the prime factors of 972928018.
2, 29, 1229, 13649
What are the prime factors of 7747940879?
7, 79, 14010743
What are the prime factors of 1573002016?
2, 23, 37, 47, 1229
List the prime factors of 60639805.
5, 2287, 5303
List the prime factors of 362069712.
2, 3, 53, 47441
List the prime factors of 139985579.
67, 167, 12511
List the prime factors of 314312397.
3, 7, 383, 39079
List the prime factors of 260144369.
260144369
What are the prime factors of 408935323?
17, 24055019
List the prime factors of 69358442.
2, 137, 253133
What are the prime factors of 902647802?
2, 7, 64474843
List the prime factors of 1148418533.
1148418533
List the prime factors of 310591853.
11, 13, 17, 127763
List the prime factors of 155201889.
3, 181, 285823
List the prime factors of 52181510.
2, 5, 5218151
What are the prime factors of 2083723780?
2, 5, 104186189
What are the prime factors of 66312391?
66312391
List the prime factors of 614333196.
2, 3, 61, 279751
List the prime factors of 72265297.
13, 61, 91129
List the prime factors of 211501974.
2, 3, 23, 47, 32609
List the prime factors of 336318043.
336318043
List the prime factors of 3258442057.
13, 683, 366983
What are the prime factors of 337178313?
3, 19, 73, 27011
What are the prime factors of 530568236?
2, 11, 19, 634651
List the prime factors of 413000481.
3, 7193, 19139
What are the prime factors of 521224431?
3, 7, 13, 41, 46567
What are the prime factors of 3034029856?
2, 11, 13, 663031
List the prime factors of 1155770094.
2, 3, 192628349
List the prime factors of 31069875.
3, 5, 29, 2857
List the prime factors of 13330579.
13330579
What are the prime factors of 26877489?
3, 8959163
What are the prime factors of 96521083?
19, 1597, 3181
What are the prime factors of 2588777125?
5, 11, 1882747
List the prime factors of 24775941.
3, 563, 14669
List the prime factors of 309034692.
2, 3, 499, 17203
What are the prime factors of 141513850?
2, 5, 2830277
List the prime factors of 797474329.
9391, 84919
List the prime factors of 769485522.
2, 3, 13, 19, 37, 14033
List the prime factors of 634449808.
2, 39653113
What are the prime factors of 583433663?
23, 25366681
List the prime factors of 73665904.
2, 13, 354163
What are the prime factors of 713200215?
3, 5, 7, 13, 23, 22717
List the prime factors of 66471799.
29, 79039
What are the prime factors of 88286889?
3, 659, 44657
What are the prime factors of 1735851194?
2, 7, 11, 41, 89, 3089
What are the prime factors of 119726963?
119726963
What are the prime factors of 7363435111?
43, 61, 179, 15683
List the prime factors of 222310620.
2, 3, 5, 7, 53, 3329
List the prime factors of 1139374052.
2, 103, 2765471
List the prime factors of 1126871604.
2, 3, 379, 82591
What are the prime factors of 4309673710?
2, 5, 43, 10022497
List the prime factors of 473062914.
2, 3, 31, 523, 1621
What are the prime factors of 492845303?
673, 732311
List the prime factors of 219057205.
5, 37, 1184093
What are the prime factors of 10156411?
151, 67261
List th